{"id":342,"date":"2016-01-05T21:08:36","date_gmt":"2016-01-05T20:08:36","guid":{"rendered":"https:\/\/www.martin361.com\/en\/?page_id=342"},"modified":"2021-08-08T23:38:27","modified_gmt":"2021-08-08T21:38:27","slug":"3d-trek-dolomites","status":"publish","type":"page","link":"https:\/\/www.martin361.com\/en\/movingbodymind\/3d-trek-dolomites\/","title":{"rendered":"3d-Trek-Dolomites"},"content":{"rendered":"<p>Dolomites very closed: large plateuas,\u00a0rough rock faces and South\u00a0Tyrolean comfortableness\u00a0\u2013 three days is during this trip in the Gadertal Valley, in the northern part of the dolomites. A geological travel through time and some legend of the Dolomites are waiting for the hikers.\u00a0We will pass the &#8220;Jakobst\u00f6ckl&#8221;, the W\u00fcrzjoch, the &#8220;Roa-Scharte&#8221;, the &#8220;Puezh\u00fctte&#8221; (hut) until we come back to the valley. Culinary delights\u00a0and beautiful huts: that&#8217;s more than you expect!<br \/>\n<strong>Meeting point<\/strong>: St. Lorenzen, parking area behind the village at 08.30 &#8211; first day of the hiking tour.<br \/>\n<strong>Booking<\/strong>: until 31\/05\/2018<\/p>\n<p><span style=\"text-decoration: underline;\">tour informations compact<\/span><\/p>\n<ul>\n<li>first day: \u00a0Onach \u2013 Glittner Seen &#8211; \u00dctia de B\u00f6rz.<\/li>\n<li>second day: \u00a0\u00dctia de B\u00f6rz \u2013 Medalghes &#8211; Puez H\u00fctte.<\/li>\n<li>third day: \u00a0Puez H\u00fctte \u2013 Anterasc &#8211; Campill &#8211; Guided tour in the museum &#8220;Ladin Ciastel de Tor&#8221;.<\/li>\n<\/ul>\n","protected":false},"excerpt":{"rendered":"<p>Dolomites very closed: large plateuas,\u00a0rough rock faces and South\u00a0Tyrolean comfortableness\u00a0\u2013 three days is during this trip in the Gadertal Valley, in the northern part of the dolomites. A geological travel through time and some legend of the Dolomites are waiting for the hikers.\u00a0We will pass the &#8220;Jakobst\u00f6ckl&#8221;, the W\u00fcrzjoch, the &#8220;Roa-Scharte&#8221;, the &#8220;Puezh\u00fctte&#8221; (hut) until [&hellip;]<\/p>\n","protected":false},"author":1,"featured_media":0,"parent":414,"menu_order":16,"comment_status":"closed","ping_status":"closed","template":"","meta":{"footnotes":""},"class_list":["post-342","page","type-page","status-publish","hentry"],"yoast_head":"<!-- This site is optimized with the Yoast SEO plugin v27.4 - https:\/\/yoast.com\/product\/yoast-seo-wordpress\/ -->\n<title>3d-Trek-Dolomites &#8211; Martin Niederkofler 361\u00b0<\/title>\n<meta name=\"robots\" content=\"index, follow, max-snippet:-1, max-image-preview:large, max-video-preview:-1\" \/>\n<link rel=\"canonical\" href=\"https:\/\/www.martin361.com\/en\/movingbodymind\/3d-trek-dolomites\/\" \/>\n<meta property=\"og:locale\" content=\"en_US\" \/>\n<meta property=\"og:type\" content=\"article\" \/>\n<meta property=\"og:title\" content=\"3d-Trek-Dolomites &#8211; Martin Niederkofler 361\u00b0\" \/>\n<meta property=\"og:description\" content=\"Dolomites very closed: large plateuas,\u00a0rough rock faces and South\u00a0Tyrolean comfortableness\u00a0\u2013 three days is during this trip in the Gadertal Valley, in the northern part of the dolomites. A geological travel through time and some legend of the Dolomites are waiting for the hikers.\u00a0We will pass the &#8220;Jakobst\u00f6ckl&#8221;, the W\u00fcrzjoch, the &#8220;Roa-Scharte&#8221;, the &#8220;Puezh\u00fctte&#8221; (hut) until [&hellip;]\" \/>\n<meta property=\"og:url\" content=\"https:\/\/www.martin361.com\/en\/movingbodymind\/3d-trek-dolomites\/\" \/>\n<meta property=\"og:site_name\" content=\"Martin Niederkofler 361\u00b0\" \/>\n<meta property=\"article:modified_time\" content=\"2021-08-08T21:38:27+00:00\" \/>\n<meta name=\"twitter:card\" content=\"summary_large_image\" \/>\n<meta name=\"twitter:label1\" content=\"Est. reading time\" \/>\n\t<meta name=\"twitter:data1\" content=\"1 minute\" \/>\n<script type=\"application\/ld+json\" class=\"yoast-schema-graph\">{\"@context\":\"https:\\\/\\\/schema.org\",\"@graph\":[{\"@type\":\"WebPage\",\"@id\":\"https:\\\/\\\/www.martin361.com\\\/en\\\/movingbodymind\\\/3d-trek-dolomites\\\/\",\"url\":\"https:\\\/\\\/www.martin361.com\\\/en\\\/movingbodymind\\\/3d-trek-dolomites\\\/\",\"name\":\"3d-Trek-Dolomites &#8211; Martin Niederkofler 361\u00b0\",\"isPartOf\":{\"@id\":\"https:\\\/\\\/www.martin361.com\\\/#website\"},\"datePublished\":\"2016-01-05T20:08:36+00:00\",\"dateModified\":\"2021-08-08T21:38:27+00:00\",\"breadcrumb\":{\"@id\":\"https:\\\/\\\/www.martin361.com\\\/en\\\/movingbodymind\\\/3d-trek-dolomites\\\/#breadcrumb\"},\"inLanguage\":\"en-US\",\"potentialAction\":[{\"@type\":\"ReadAction\",\"target\":[\"https:\\\/\\\/www.martin361.com\\\/en\\\/movingbodymind\\\/3d-trek-dolomites\\\/\"]}]},{\"@type\":\"BreadcrumbList\",\"@id\":\"https:\\\/\\\/www.martin361.com\\\/en\\\/movingbodymind\\\/3d-trek-dolomites\\\/#breadcrumb\",\"itemListElement\":[{\"@type\":\"ListItem\",\"position\":1,\"name\":\"Home\",\"item\":\"https:\\\/\\\/www.martin361.com\\\/en\\\/\"},{\"@type\":\"ListItem\",\"position\":2,\"name\":\"moving body &#038; mind\",\"item\":\"https:\\\/\\\/www.martin361.com\\\/en\\\/movingbodymind\\\/\"},{\"@type\":\"ListItem\",\"position\":3,\"name\":\"3d-Trek-Dolomites\"}]},{\"@type\":\"WebSite\",\"@id\":\"https:\\\/\\\/www.martin361.com\\\/#website\",\"url\":\"https:\\\/\\\/www.martin361.com\\\/\",\"name\":\"Martin Niederkofler 361\u00b0\",\"description\":\"Wandern in S\u00fcdtirol, Coaching, Veranstaltungen f\u00fcr Unternehmen.\",\"potentialAction\":[{\"@type\":\"SearchAction\",\"target\":{\"@type\":\"EntryPoint\",\"urlTemplate\":\"https:\\\/\\\/www.martin361.com\\\/?s={search_term_string}\"},\"query-input\":{\"@type\":\"PropertyValueSpecification\",\"valueRequired\":true,\"valueName\":\"search_term_string\"}}],\"inLanguage\":\"en-US\"}]}<\/script>\n<!-- \/ Yoast SEO plugin. -->","yoast_head_json":{"title":"3d-Trek-Dolomites &#8211; Martin Niederkofler 361\u00b0","robots":{"index":"index","follow":"follow","max-snippet":"max-snippet:-1","max-image-preview":"max-image-preview:large","max-video-preview":"max-video-preview:-1"},"canonical":"https:\/\/www.martin361.com\/en\/movingbodymind\/3d-trek-dolomites\/","og_locale":"en_US","og_type":"article","og_title":"3d-Trek-Dolomites &#8211; Martin Niederkofler 361\u00b0","og_description":"Dolomites very closed: large plateuas,\u00a0rough rock faces and South\u00a0Tyrolean comfortableness\u00a0\u2013 three days is during this trip in the Gadertal Valley, in the northern part of the dolomites. A geological travel through time and some legend of the Dolomites are waiting for the hikers.\u00a0We will pass the &#8220;Jakobst\u00f6ckl&#8221;, the W\u00fcrzjoch, the &#8220;Roa-Scharte&#8221;, the &#8220;Puezh\u00fctte&#8221; (hut) until [&hellip;]","og_url":"https:\/\/www.martin361.com\/en\/movingbodymind\/3d-trek-dolomites\/","og_site_name":"Martin Niederkofler 361\u00b0","article_modified_time":"2021-08-08T21:38:27+00:00","twitter_card":"summary_large_image","twitter_misc":{"Est. reading time":"1 minute"},"schema":{"@context":"https:\/\/schema.org","@graph":[{"@type":"WebPage","@id":"https:\/\/www.martin361.com\/en\/movingbodymind\/3d-trek-dolomites\/","url":"https:\/\/www.martin361.com\/en\/movingbodymind\/3d-trek-dolomites\/","name":"3d-Trek-Dolomites &#8211; Martin Niederkofler 361\u00b0","isPartOf":{"@id":"https:\/\/www.martin361.com\/#website"},"datePublished":"2016-01-05T20:08:36+00:00","dateModified":"2021-08-08T21:38:27+00:00","breadcrumb":{"@id":"https:\/\/www.martin361.com\/en\/movingbodymind\/3d-trek-dolomites\/#breadcrumb"},"inLanguage":"en-US","potentialAction":[{"@type":"ReadAction","target":["https:\/\/www.martin361.com\/en\/movingbodymind\/3d-trek-dolomites\/"]}]},{"@type":"BreadcrumbList","@id":"https:\/\/www.martin361.com\/en\/movingbodymind\/3d-trek-dolomites\/#breadcrumb","itemListElement":[{"@type":"ListItem","position":1,"name":"Home","item":"https:\/\/www.martin361.com\/en\/"},{"@type":"ListItem","position":2,"name":"moving body &#038; mind","item":"https:\/\/www.martin361.com\/en\/movingbodymind\/"},{"@type":"ListItem","position":3,"name":"3d-Trek-Dolomites"}]},{"@type":"WebSite","@id":"https:\/\/www.martin361.com\/#website","url":"https:\/\/www.martin361.com\/","name":"Martin Niederkofler 361\u00b0","description":"Wandern in S\u00fcdtirol, Coaching, Veranstaltungen f\u00fcr Unternehmen.","potentialAction":[{"@type":"SearchAction","target":{"@type":"EntryPoint","urlTemplate":"https:\/\/www.martin361.com\/?s={search_term_string}"},"query-input":{"@type":"PropertyValueSpecification","valueRequired":true,"valueName":"search_term_string"}}],"inLanguage":"en-US"}]}},"_links":{"self":[{"href":"https:\/\/www.martin361.com\/en\/wp-json\/wp\/v2\/pages\/342","targetHints":{"allow":["GET"]}}],"collection":[{"href":"https:\/\/www.martin361.com\/en\/wp-json\/wp\/v2\/pages"}],"about":[{"href":"https:\/\/www.martin361.com\/en\/wp-json\/wp\/v2\/types\/page"}],"author":[{"embeddable":true,"href":"https:\/\/www.martin361.com\/en\/wp-json\/wp\/v2\/users\/1"}],"replies":[{"embeddable":true,"href":"https:\/\/www.martin361.com\/en\/wp-json\/wp\/v2\/comments?post=342"}],"version-history":[{"count":0,"href":"https:\/\/www.martin361.com\/en\/wp-json\/wp\/v2\/pages\/342\/revisions"}],"up":[{"embeddable":true,"href":"https:\/\/www.martin361.com\/en\/wp-json\/wp\/v2\/pages\/414"}],"wp:attachment":[{"href":"https:\/\/www.martin361.com\/en\/wp-json\/wp\/v2\/media?parent=342"}],"curies":[{"name":"wp","href":"https:\/\/api.w.org\/{rel}","templated":true}]}}

<p>Dolomites very closed: large plateuas, rough rock faces and South Tyrolean comfortableness – three days is during this trip in the Gadertal Valley, in the northern part of the dolomites. A geological travel through time and some legend of the Dolomites are waiting for the hikers. We will pass the &#8220;Jakobstöckl&#8221;, the Würzjoch, the &#8220;Roa-Scharte&#8221;, the &#8220;Puezhütte&#8221; (hut) until we come back to the valley. Culinary delights and beautiful huts: that&#8217;s more than you expect!<br />
<strong>Meeting point</strong>: St. Lorenzen, parking area behind the village at 08.30 &#8211; first day of the hiking tour.<br />
<strong>Booking</strong>: until 31/05/2018</p>
<p><span style="text-decoration: underline;">tour informations compact</span></p>
<ul>
<li>first day:  Onach – Glittner Seen &#8211; Ütia de Börz.</li>
<li>second day:  Ütia de Börz – Medalghes &#8211; Puez Hütte.</li>
<li>third day:  Puez Hütte – Anterasc &#8211; Campill &#8211; Guided tour in the museum &#8220;Ladin Ciastel de Tor&#8221;.</li>
</ul>

<p>Dolomites very closed: large plateuas, rough rock faces and South Tyrolean comfortableness – three days is during this trip in the Gadertal Valley, in the northern part of the dolomites. A geological travel through time and some legend of the Dolomites are waiting for the hikers. We will pass the &#8220;Jakobstöckl&#8221;, the Würzjoch, the &#8220;Roa-Scharte&#8221;, the &#8220;Puezhütte&#8221; (hut) until [&hellip;]</p>

<!-- This site is optimized with the Yoast SEO plugin v27.4 - https://yoast.com/product/yoast-seo-wordpress/ -->
<title>3d-Trek-Dolomites &#8211; Martin Niederkofler 361°</title>
<meta name="robots" content="index, follow, max-snippet:-1, max-image-preview:large, max-video-preview:-1" />
<link rel="canonical" href="https://www.martin361.com/en/movingbodymind/3d-trek-dolomites/" />
<meta property="og:locale" content="en_US" />
<meta property="og:type" content="article" />
<meta property="og:title" content="3d-Trek-Dolomites &#8211; Martin Niederkofler 361°" />
<meta property="og:description" content="Dolomites very closed: large plateuas, rough rock faces and South Tyrolean comfortableness – three days is during this trip in the Gadertal Valley, in the northern part of the dolomites. A geological travel through time and some legend of the Dolomites are waiting for the hikers. We will pass the &#8220;Jakobstöckl&#8221;, the Würzjoch, the &#8220;Roa-Scharte&#8221;, the &#8220;Puezhütte&#8221; (hut) until [&hellip;]" />
<meta property="og:url" content="https://www.martin361.com/en/movingbodymind/3d-trek-dolomites/" />
<meta property="og:site_name" content="Martin Niederkofler 361°" />
<meta property="article:modified_time" content="2021-08-08T21:38:27+00:00" />
<meta name="twitter:card" content="summary_large_image" />
<meta name="twitter:label1" content="Est. reading time" />
	<meta name="twitter:data1" content="1 minute" />
<script type="application/ld+json" class="yoast-schema-graph">{"@context":"https:\/\/schema.org","@graph":[{"@type":"WebPage","@id":"https:\/\/www.martin361.com\/en\/movingbodymind\/3d-trek-dolomites\/","url":"https:\/\/www.martin361.com\/en\/movingbodymind\/3d-trek-dolomites\/","name":"3d-Trek-Dolomites &#8211; Martin Niederkofler 361°","isPartOf":{"@id":"https:\/\/www.martin361.com\/#website"},"datePublished":"2016-01-05T20:08:36+00:00","dateModified":"2021-08-08T21:38:27+00:00","breadcrumb":{"@id":"https:\/\/www.martin361.com\/en\/movingbodymind\/3d-trek-dolomites\/#breadcrumb"},"inLanguage":"en-US","potentialAction":[{"@type":"ReadAction","target":["https:\/\/www.martin361.com\/en\/movingbodymind\/3d-trek-dolomites\/"]}]},{"@type":"BreadcrumbList","@id":"https:\/\/www.martin361.com\/en\/movingbodymind\/3d-trek-dolomites\/#breadcrumb","itemListElement":[{"@type":"ListItem","position":1,"name":"Home","item":"https:\/\/www.martin361.com\/en\/"},{"@type":"ListItem","position":2,"name":"moving body &#038; mind","item":"https:\/\/www.martin361.com\/en\/movingbodymind\/"},{"@type":"ListItem","position":3,"name":"3d-Trek-Dolomites"}]},{"@type":"WebSite","@id":"https:\/\/www.martin361.com\/#website","url":"https:\/\/www.martin361.com\/","name":"Martin Niederkofler 361°","description":"Wandern in Südtirol, Coaching, Veranstaltungen für Unternehmen.","potentialAction":[{"@type":"SearchAction","target":{"@type":"EntryPoint","urlTemplate":"https:\/\/www.martin361.com\/?s={search_term_string}"},"query-input":{"@type":"PropertyValueSpecification","valueRequired":true,"valueName":"search_term_string"}}],"inLanguage":"en-US"}]}</script>
<!-- / Yoast SEO plugin. -->

Dolomites very closed: large plateuas, rough rock faces and South Tyrolean comfortableness – three days is during this trip in the Gadertal Valley, in the northern part of the dolomites. A geological travel through time and some legend of the Dolomites are waiting for the hikers. We will pass the &#8220;Jakobstöckl&#8221;, the Würzjoch, the &#8220;Roa-Scharte&#8221;, the &#8220;Puezhütte&#8221; (hut) until [&hellip;]

Wandern in Südtirol, Coaching, Veranstaltungen für Unternehmen.
